4*n - 3*u, 2*n - 497 = 3*u. Suppose -3*a = -25*a - 14*a. Suppose a = -j + n + 624. Is j a prime number?
True
Let u = 60 - 46. Suppose -5*f = a - 3 - u, 0 = -f + 3. Is (-97)/a*(-8 - -6) composite?
False
Let l be 1/4 - 645/(-60). Let t = l + -6. Suppose -3987 = -8*a + t*a. Is a prime?
False
Suppose 9*y + 6 = 96. Suppose -y*x + 124590 = -4*x. Is x a prime number?
False
Let q be -9 + 7 + (206 - -1). Let j = q - 119. Suppose 3*l = 2*b - 227, -b - 4*l = -0*b - j. Is b a composite number?
True
Let m(p) = 3521*p + 49. Let f be m(-3). Let z = -6820 - f. Is z prime?
False
Suppose 43107 = -21*b + 218623 + 32867. Is b a prime number?
True
Suppose -4*d - 4 = 0, -39*d + 41*d = 2*i - 160224. Is i prime?
True
Let w(v) = 3*v**3 - 78*v**2 - 14*v - 64. Is w(33) composite?
False
Suppose 0 = -3*z - w + 3291, -3*z - 2*w + 2190 = -z. Let n = z + -683. Suppose 6*f + 1 = n. Is f prime?
False
Suppose -5*s + 5*q = -189710, 28*s - 23*s - 4*q = 189707. Is s a composite number?
True
Suppose -6*t - t = 0. Let l be t - (-446)/(-26) - 14/(-91). Is (-2837)/l - (24/68)/(-3) a composite number?
False
Suppose -3 - 3 = -3*i. Let p(g) = -39*g**2 + 4*g - 3. Let d(b) = -79*b**2 + 7*b - 4. Let u(x) = 3*d(x) - 7*p(x). Is u(i) a prime number?
True
Let t(w) = -589*w - 42 - 6 - 46 - 67 + 68. Is t(-8) a composite number?
True
Let f = -58 - -35. Let c = 25 + f. Suppose 0 = -c*u - 4*j + 208, -2*u + 173 = 3*j - 6*j. Is u a composite number?
True
Let f(c) = -326*c + 88. Let l be f(-10). Suppose -5*j + 5587 = -3*s + 5*s, l = 3*j - 3*s. Is j a composite number?
False
Let j = -71 + 73. Let s be (j - 2) + 0/(-2) + 3. Suppose -i + 232 = s*i. Is i a prime number?
False
Let f(r) = -2*r**3 - 3*r**2 - 4*r - 7. Let z be f(-2). Suppose -b - 3*b = -3*v + 26, z*v - 5 = -b. Suppose u - v*u = -451. Is u a composite number?
True
Let f(n) = -1270*n**3 + 2*n**2 - n + 4. Let t(r) = -3*r**3 + 1. Let l(y) = f(y) - 6*t(y). Is l(-1) prime?
False
Suppose 3*r - 2*z = 1355253, 88*r = 86*r - 2*z + 903502. Is r prime?
False
Suppose 0 = -4*b + 3*u + 11781, -4*b + 5360 + 6418 = -2*u. Suppose b - 31873 = -22*x. Is x a prime number?
False
Let h = 535 + -576. Is (h/(-4))/(96/4224) a prime number?
False
Suppose 2*g - 4*j = 32, -4*g + 0*j = 3*j - 20. Suppose p = -g*p. Suppose 0 = y + 2*c - 340 - 233, p = 2*y - 2*c - 1176. Is y a composite number?
True
Suppose -5*z - 651 + 656 = 0. Let u(f) = 7280*f**2 + 16*f - 17. Is u(z) composite?
True
Suppose 3*i + 114185 + 26944 = 0. Is i/(-15) - (-4)/5 prime?
True
Suppose 7*n - 11*n - 12 = 4*u, 3*u - 9 = 3*n. Suppose u = -8*o + 2998 + 306. Is o a prime number?
False
Let y = 316734 + -101117. Is y prime?
True
Let y(f) = -1153*f + 174. Let r = -194 + 189. Is y(r) a composite number?
False
Let c(r) be the first derivative of -r**3/3 - 3*r**2 + 6*r + 5. Let m be c(-6). Is 513/6 + m/(-12) composite?
True
Let f(m) = 229*m - 336*m + 40 - 90*m - 266*m. Is f(-6) a prime number?
False
Let u = 49 + -46. Suppose u*m - 1698 = 3*g - 7869, m = -4. Is g a prime number?
True
Let t(r) = 214*r**2 + 51*r - 202. Is t(5) a composite number?
True
Suppose -5*w = -13*w + 1992. Let s = w - -95. Let d = 723 - s. Is d a composite number?
False
Suppose 11615415 = 76*f + 29*f. Is f composite?
False
Suppose -5*f = 5*v - 293295, 21852 = -3*f - 4*v + 197825. Is f a composite number?
True
Let a(y) = 1550*y**3 + 6*y**2 - 39*y + 23. Is a(4) composite?
True
Let k(x) = -54 + 28*x**2 - 25*x**2 - 69 + 24*x. Is k(28) prime?
False
Is (6 - 364906 - 6)/(-2) a prime number?
True
Suppose 25*z + 60 = 37*z. Suppose -m + 2933 = z*g, 5*g - g - 3*m = 2354. Is g prime?
True
Let t(s) = -1033*s + 68. Let x be t(-45). Suppose -16*c - 2*b = -11*c - x, 2*b = 3*c - 27935. Is c composite?
False
Let p = -5489 - 1131. Let c = 11659 + p. Is c a composite number?
False
Let o(v) = v**3 + 6*v**2 - 9*v + 61. Let q be o(-8). Suppose 2*b + b - 649 = 4*w, -613 = -3*b - q*w. Is b prime?
True
Suppose -2448562 - 4627456 = -38*u. Is u composite?
False
Let a(f) = 11734*f**2 - 24*f + 13. Is a(1) prime?
False
Suppose 298170 + 204417 = 9*r. Is r a prime number?
True
Let r = -94 + 99. Is 344 - r/(15/(-9)) a prime number?
True
Suppose 0 = 5*o - 8*o + 39057. Suppose -7*l = -o - 28764. Is l a prime number?
False
Suppose -96 = -5*j - j. Suppose 5*z - j = z. Suppose 0 = o + o + b - 652, -z*b - 1316 = -4*o. Is o composite?
True
Suppose 1054303 = 13*j - 468348. Is j prime?
True
Let d be -12*(161/(-21) + 5). Is -9*d/(-80)*(-32105)/(-6) prime?
False
Let k(o) = -3169*o**2 + 5*o + 4. Let m be k(-1). Let f = m + 5731. Is f a composite number?
True
Suppose -8488*a = -8474*a - 1957102. Is a a composite number?
True
Let a be (-4)/(-10) + (231/35 - 2). Suppose -779 = -a*u + 2*q, -3*u + q = -503 + 35. Is u a prime number?
True
Let w(n) = 170*n**3 - 19*n**2 - 32*n - 19. Is w(8) a prime number?
True
Let a = -29 - -33. Suppose a*v = -8, 5*v + 93779 + 241511 = -5*q. Is q/(-20) + (-3)/(-60)*4 composite?
True
Suppose 0 = -6*y + 12109 - 835. Suppose -985 = -8*h + y. Let k = h + 229. Is k prime?
True
Suppose -2*n + 302452 = -3*c, 4*c = -128*n + 129*n - 151221. Is n a prime number?
False
Let n = -131121 + 307712. Is n composite?
False
Let q = 145467 + -72878. Is q composite?
True
Suppose -4*a + 124 = 5*u, -9*a = 4*u - 4*a - 92. Suppose u*m - 29*m = -12437. Is m prime?
True
Let g be (1 + 2)/(5/(-2) - -1). Let l be 3*(g + 3) - 0. Suppose -i - l*n = -848, 2*i - 1030 = -n + 651. Is i composite?
False
Let u(p) = 2*p**3 + 2*p**2 - 6*p + 7. Let c be u(2). Suppose -t = 5*h - 45, 3*h - t - c = -0*t. Suppose -12*b + h*b = -836. Is b a composite number?
True
Suppose -32 = -2*r + 10*r. Let u be r/5 + 101895/25. Suppose 5*k - 3*b - 10216 = 0, -u = -3*k + b + 2057. Is k composite?
True
Suppose -7*n + 67 = -73. Suppose 0 = n*j - 21*j + 2219. Is j composite?
True
Suppose 0 = 11*i - 509706 - 398113. Is i prime?
True
Is 2/8*25/(375/92580) a prime number?
True
Let d be ((-1)/(-2))/(1/(-8))*262. Let s = 1912 - d. Suppose s = 3*x + x - 5*r, 5*x - 3713 = 3*r. Is x a composite number?
True
Is (-110)/11 - 27*-109 a prime number?
False
Suppose 4*i - a - 43 = 0, 11 = 3*i - 13*a + 8*a. Suppose -3*c - 121059 = -i*c. Is c composite?
False
Let o = 19 - 18. Is (-3)/o*(-31009)/33 a prime number?
True
Let h be 326264/22 + (256/44 - 6). Suppose u - h = -2*a - 3*u, 0 = -a - 3*u + 7417. Is a a composite number?
False
Let u(b) = -23917*b - 28. Let w be u(-3). Let i = w + -44112. Is i composite?
False
Let z = -2223 + 905. Let s = -59 - z. Is s composite?
False
Suppose -2*m + s + 20 = 2*s, 2*s + 14 = 2*m. Is 42504/m - 10/6 prime?
True
Let o = -449571 - -1243040. Is o composite?
True
Suppose 3*u = 3*u + 3*u. Suppose u = 148*l - 143*l - 21745. Is l composite?
False
Let b(t) = t - 11. Let y be (-1073)/(-145) - (9/5)/(-3). Let k be b(y). Is (-5)/45*k*3183 composite?
False
Suppose -z = 3*o - 38, 188 = 4*z + 12*o - 9*o. Suppose -5*c + 278 = -1077. Let i = c - z. Is i a prime number?
False
Let n be 80/4*4/8. Let k(y) = 8*y**2 - 9*y + 35. Let x(z) = 2. Let v(d) = k(d) - 3*x(d). Is v(n) prime?
True
Suppose -5*v + 105002 = -4*y, -7*v = 5*y - 3*v + 131273. Let h = -5546 - y. Is h composite?
False
Suppose 43578 = 14*y - 61828. Suppose -4*x + 5046 = 2*k, 0 = 19*k - 16*k - 2*x - y. Is k composite?
True
Let i(d) = -4410*d + 317. Is i(-4) prime?
True
Let i = -48491 + 100098. Is i prime?
True
Suppose 35 - 15 = 5*w. Is 926/w*30 + 7 + -5 a composite number?
False
Suppose -16*a + 20958 = -10*a. Let r = a - 2174. Is r composite?
False
Let f = 132330 - 51745. Suppose 0 = -10*p + 31185 + f. Is p a composite number?
False
Let t = -576 - -566. Let p(z) = 0 + 7*z + 2*z**2 + 2 - 5. Is p(t) a prime number?
True
Let z(t) = -44633*t + 1599. Is z(-20) a composite number?
False
Let x = 544098 - 303435. Is x prime?
False
Is 23331 - -38 - (9 + 3) prime?
True
Let h(u) = 2*u**3 + 2*u**2 - 5*u + 1. Let q be h(-4). Let y = 492 + q. Is ((-70)/(-15))/(2/y) a composite number?
True
Let a = 7315 - 4882. Suppose -a = 23*b - 24*b. Is b composite?
True
Suppose -3*l + 2*k - 4722 - 610 = 0, l = k - 1778. Let v = 2525 + l. Let f = -484 + v. Is f a composite number?
True
Suppose -16*q - 8564 - 16380 = 0. Let c = q - -5944. Is c a composite number?
True
Let k = 400120 - 181311. Is k a composite number?
False
Suppose 1516509 = 6*n - 2*n + 23*n. Is n composite?
False
Suppose 